{"id":42,"date":"2022-07-27T10:09:21","date_gmt":"2022-07-27T10:09:21","guid":{"rendered":"http:\/\/source.wpopal.com\/delicioz\/?page_id=42"},"modified":"2025-04-15T23:54:38","modified_gmt":"2025-04-15T23:54:38","slug":"dolca","status":"publish","type":"page","link":"https:\/\/mesondelosreyes.com.mx\/?page_id=42","title":{"rendered":"Dol\u00e7a"},"content":{"rendered":"\t\t<div data-elementor-type=\"wp-page\" data-elementor-id=\"42\" class=\"elementor elementor-42\">\n\t\t\t\t\t\t<div class=\"elementor-section elementor-top-section elementor-element elementor-element-6ff4ca9 elementor-section-stretched elementor-section-boxed elementor-section-height-default elementor-section-height-default\" data-id=\"6ff4ca9\" data-element_type=\"section\" data-settings=\"{&quot;stretch_section&quot;:&quot;section-stretched&quot;}\">\n\t\t\t\t\t\t<div class=\"elementor-container elementor-column-gap-no\">\n\t\t\t\t\t<div class=\"elementor-column elementor-col-100 elementor-top-column elementor-element elementor-element-5861c3b\" data-id=\"5861c3b\" data-element_type=\"column\">\n\t\t\t<div class=\"elementor-widget-wrap elementor-element-populated\">\n\t\t\t\t\t\t<div class=\"elementor-element elementor-element-f10eeb9 show-icon-deco-yes elementor-position-top elementor-position-below elementor-vertical-align-top elementor-widget elementor-widget-image-box\" data-id=\"f10eeb9\" data-element_type=\"widget\" data-widget_type=\"image-box.default\">\n\t\t\t\t<div class=\"elementor-widget-container\">\n\t\t\t\t\t<div class=\"elementor-image-box-wrapper\"><div class=\"elementor-image-box-content\"><div class=\"icon\"><i aria-hidden=\"true\" class=\"delicioz-icon- delicioz-icon-fork-knife\"><\/i><\/div><h3 class=\"elementor-image-box-title\">DOL\u00c7A<\/h3><\/div><\/div>\t\t\t\t<\/div>\n\t\t\t\t<\/div>\n\t\t\t\t<div class=\"elementor-section elementor-inner-section elementor-element elementor-element-546e74c elementor-section-boxed elementor-section-height-default elementor-section-height-default\" data-id=\"546e74c\" data-element_type=\"section\">\n\t\t\t\t\t\t<div class=\"elementor-container elementor-column-gap-no\">\n\t\t\t\t\t<div class=\"elementor-column elementor-col-50 elementor-inner-column elementor-element elementor-element-ea19283\" data-id=\"ea19283\" data-element_type=\"column\">\n\t\t\t<div class=\"elementor-widget-wrap elementor-element-populated\">\n\t\t\t\t\t\t<div class=\"elementor-element elementor-element-de7a2e0 menulist-align-left arrow-style-1 elementor-widget elementor-widget-delicioz-menu-list\" data-id=\"de7a2e0\" data-element_type=\"widget\" data-widget_type=\"delicioz-menu-list.default\">\n\t\t\t\t<div class=\"elementor-widget-container\">\n\t\t\t\t\t\n        <div class=\"elementor-menu-list-item-wrapper\">\n            <div class=\"row menu-style-2 row\" data-elementor-columns-widescreen=\"1\" data-elementor-columns=\"1\" data-elementor-columns-laptop=\"1\" data-elementor-columns-tablet-extra=\"1\" data-elementor-columns-tablet=\"1\" data-elementor-columns-mobile-extra=\"1\" data-elementor-columns-mobile=\"1\">\n                                    <div class=\"column-item elementor-menu-list-item\">\n\n                        \n                        \n                                                            <div class=\"elementor-menu-list-image\">\n                                    <img decoding=\"async\" src=\"https:\/\/mesondelosreyes.com.mx\/wp-content\/uploads\/2024\/09\/Meson-D1-116-scaled.jpg\" alt=\"PAST\u00cdS DE CIGAL\u00d3\" \/>                                <\/div>\n                                                        <div class=\"elementor-menu-list-text\">\n                                <div class=\"elementor-menu-list-header\">\n                                                                                                                <div class=\"elementor-menu-list-title\"><a href=\"#\">PAST\u00cdS DE CIGAL\u00d3<\/a><\/div>                                                                        <span class=\"elementor-menu-list-separator\"><\/span>\n                                                                            <div class=\"elementor-menu-list-price\">$190<\/div>\n                                                                    <\/div>\n                                                                    <div class=\"elementor-menu-list-description\">Bizcocho de almendras envinado de carajillo, cremantilla de caf\u00e9 y ganache de chocolate<\/div>\n                                                            <\/div>\n                        \n                                            <\/div>\n                                    <div class=\"column-item elementor-menu-list-item\">\n\n                        \n                        \n                                                            <div class=\"elementor-menu-list-image\">\n                                    <img decoding=\"async\" src=\"https:\/\/mesondelosreyes.com.mx\/wp-content\/uploads\/2025\/04\/JLR_9289.jpg\" alt=\"TARTA DE QUESO CREMOSA\" \/>                                <\/div>\n                                                        <div class=\"elementor-menu-list-text\">\n                                <div class=\"elementor-menu-list-header\">\n                                                                                                                <div class=\"elementor-menu-list-title\"><a href=\"#\">TARTA DE QUESO CREMOSA<\/a><\/div>                                                                        <span class=\"elementor-menu-list-separator\"><\/span>\n                                                                            <div class=\"elementor-menu-list-price\">$165<\/div>\n                                                                    <\/div>\n                                                                    <div class=\"elementor-menu-list-description\">Tarta de queso cremoso acompa\u00f1ado de frutos al vino tinto.<\/div>\n                                                            <\/div>\n                        \n                                            <\/div>\n                            <\/div>\n        <\/div>\n        \t\t\t\t<\/div>\n\t\t\t\t<\/div>\n\t\t\t\t\t<\/div>\n\t\t<\/div>\n\t\t\t\t<div class=\"elementor-column elementor-col-50 elementor-inner-column elementor-element elementor-element-f12e129\" data-id=\"f12e129\" data-element_type=\"column\">\n\t\t\t<div class=\"elementor-widget-wrap elementor-element-populated\">\n\t\t\t\t\t\t<div class=\"elementor-element elementor-element-defcade menulist-align-left arrow-style-1 elementor-widget elementor-widget-delicioz-menu-list\" data-id=\"defcade\" data-element_type=\"widget\" data-widget_type=\"delicioz-menu-list.default\">\n\t\t\t\t<div class=\"elementor-widget-container\">\n\t\t\t\t\t\n        <div class=\"elementor-menu-list-item-wrapper\">\n            <div class=\"row menu-style-2 row\" data-elementor-columns-widescreen=\"1\" data-elementor-columns=\"1\" data-elementor-columns-laptop=\"1\" data-elementor-columns-tablet-extra=\"1\" data-elementor-columns-tablet=\"1\" data-elementor-columns-mobile-extra=\"1\" data-elementor-columns-mobile=\"1\">\n                                    <div class=\"column-item elementor-menu-list-item\">\n\n                        \n                        \n                                                            <div class=\"elementor-menu-list-image\">\n                                    <img decoding=\"async\" src=\"https:\/\/mesondelosreyes.com.mx\/wp-content\/uploads\/2025\/04\/JLR_9267.jpg\" alt=\"GOXUA\" \/>                                <\/div>\n                                                        <div class=\"elementor-menu-list-text\">\n                                <div class=\"elementor-menu-list-header\">\n                                                                                                                <div class=\"elementor-menu-list-title\"><a href=\"#\">GOXUA<\/a><\/div>                                                                        <span class=\"elementor-menu-list-separator\"><\/span>\n                                                                            <div class=\"elementor-menu-list-price\">$170<\/div>\n                                                                    <\/div>\n                                                                    <div class=\"elementor-menu-list-description\">Postre vasco de biscocho con alm\u00edbar, crema catalana y crema batida de queso.<\/div>\n                                                            <\/div>\n                        \n                                            <\/div>\n                                    <div class=\"column-item elementor-menu-list-item\">\n\n                        \n                        \n                                                        <div class=\"elementor-menu-list-text\">\n                                <div class=\"elementor-menu-list-header\">\n                                                                                                                <div class=\"elementor-menu-list-title\"><a href=\"#\">HELADO DE MARACUY\u00c1<\/a><\/div>                                                                        <span class=\"elementor-menu-list-separator\"><\/span>\n                                                                            <div class=\"elementor-menu-list-price\">$155<\/div>\n                                                                    <\/div>\n                                                                    <div class=\"elementor-menu-list-description\">Helado de maracuy\u00e1 con mouse mango y coco.<\/div>\n                                                            <\/div>\n                        \n                                            <\/div>\n                            <\/div>\n        <\/div>\n        \t\t\t\t<\/div>\n\t\t\t\t<\/div>\n\t\t\t\t\t<\/div>\n\t\t<\/div>\n\t\t\t\t\t<\/div>\n\t\t<\/div>\n\t\t\t\t\t<\/div>\n\t\t<\/div>\n\t\t\t\t\t<\/div>\n\t\t<\/div>\n\t\t\t\t<div class=\"elementor-section elementor-top-section elementor-element elementor-element-41b0177 elementor-section-stretched elementor-section-boxed elementor-section-height-default elementor-section-height-default\" data-id=\"41b0177\" data-element_type=\"section\" data-settings=\"{&quot;stretch_section&quot;:&quot;section-stretched&quot;,&quot;background_background&quot;:&quot;classic&quot;}\">\n\t\t\t\t\t\t\t<div class=\"elementor-background-overlay\"><\/div>\n\t\t\t\t\t\t\t<div class=\"elementor-container elementor-column-gap-no\">\n\t\t\t\t\t<div class=\"elementor-column elementor-col-50 elementor-top-column elementor-element elementor-element-9a533fe\" data-id=\"9a533fe\" data-element_type=\"column\">\n\t\t\t<div class=\"elementor-widget-wrap elementor-element-populated\">\n\t\t\t\t\t\t<div class=\"elementor-element elementor-element-391dbdc elementor-widget elementor-widget-heading\" data-id=\"391dbdc\" data-element_type=\"widget\" data-widget_type=\"heading.default\">\n\t\t\t\t<div class=\"elementor-widget-container\">\n\t\t\t\t\t<h2 class=\"elementor-heading-title elementor-size-default\">Reserva <\/h2>\t\t\t\t<\/div>\n\t\t\t\t<\/div>\n\t\t\t\t<div class=\"elementor-element elementor-element-0fcbd35 elementor-widget elementor-widget-text-editor\" data-id=\"0fcbd35\" data-element_type=\"widget\" data-widget_type=\"text-editor.default\">\n\t\t\t\t<div class=\"elementor-widget-container\">\n\t\t\t\t\t\t\t\t\t<p>Reserva tu mesa para comer o cenar.<\/p>\t\t\t\t\t\t\t\t<\/div>\n\t\t\t\t<\/div>\n\t\t\t\t<div class=\"elementor-element elementor-element-52cecac contact-form-special-yes elementor-widget elementor-widget-delicioz-contactform\" data-id=\"52cecac\" data-element_type=\"widget\" data-widget_type=\"delicioz-contactform.default\">\n\t\t\t\t<div class=\"elementor-widget-container\">\n\t\t\t\t\t\n<div class=\"wpcf7 no-js\" id=\"wpcf7-f550-o1\" lang=\"en-US\" dir=\"ltr\" data-wpcf7-id=\"550\">\n<div class=\"screen-reader-response\"><p role=\"status\" aria-live=\"polite\" aria-atomic=\"true\"><\/p> <ul><\/ul><\/div>\n<form action=\"\/index.php?rest_route=%2Fwp%2Fv2%2Fpages%2F42#wpcf7-f550-o1\" method=\"post\" class=\"wpcf7-form init\" aria-label=\"Contact form\" novalidate=\"novalidate\" data-status=\"init\">\n<div style=\"display: none;\">\n<input type=\"hidden\" name=\"_wpcf7\" value=\"550\" \/>\n<input type=\"hidden\" name=\"_wpcf7_version\" value=\"6.0.1\" \/>\n<input type=\"hidden\" name=\"_wpcf7_locale\" value=\"en_US\" \/>\n<input type=\"hidden\" name=\"_wpcf7_unit_tag\" value=\"wpcf7-f550-o1\" \/>\n<input type=\"hidden\" name=\"_wpcf7_container_post\" value=\"0\" \/>\n<input type=\"hidden\" name=\"_wpcf7_posted_data_hash\" value=\"\" \/>\n<\/div>\n<div class=\"row row-form\">\n\t<div class=\"column-tablet-6 column-12\">\n\t\t<p><span class=\"wpcf7-form-control-wrap\" data-name=\"your-name\"><input size=\"40\" maxlength=\"400\" class=\"wpcf7-form-control wpcf7-text wpcf7-validates-as-required\" aria-required=\"true\" aria-invalid=\"false\" placeholder=\"Nombre\" value=\"\" type=\"text\" name=\"your-name\" \/><\/span>\n\t\t<\/p>\n\t<\/div>\n\t<div class=\"column-tablet-6 column-12\">\n\t\t<p><span class=\"wpcf7-form-control-wrap\" data-name=\"phone-number\"><input size=\"40\" maxlength=\"400\" class=\"wpcf7-form-control wpcf7-text wpcf7-validates-as-required\" aria-required=\"true\" aria-invalid=\"false\" placeholder=\"N\u00famero\" value=\"\" type=\"text\" name=\"phone-number\" \/><\/span>\n\t\t<\/p>\n\t<\/div>\n<\/div>\n<div class=\"row row-form\">\n\t<div class=\"column-tablet-4 column-12\">\n\t\t<p><span class=\"wpcf7-form-control-wrap\" data-name=\"menu-498\"><select class=\"wpcf7-form-control wpcf7-select wpcf7-validates-as-required\" aria-required=\"true\" aria-invalid=\"false\" name=\"menu-498\"><option value=\"1 Persona\">1 Persona<\/option><option value=\"2 Personas\">2 Personas<\/option><option value=\"3 Personas\">3 Personas<\/option><option value=\"4 Personas\">4 Personas<\/option><option value=\"5 Personas\">5 Personas<\/option><\/select><\/span>\n\t\t<\/p>\n\t<\/div>\n\t<div class=\"column-tablet-4 column-12\">\n\t\t<p><span class=\"wpcf7-form-control-wrap\" data-name=\"date-35\"><input class=\"wpcf7-form-control wpcf7-date wpcf7-validates-as-required wpcf7-validates-as-date\" aria-required=\"true\" aria-invalid=\"false\" value=\"2022-12-01\" type=\"date\" name=\"date-35\" \/><\/span>\n\t\t<\/p>\n\t<\/div>\n\t<div class=\"column-tablet-4 column-12\">\n\t\t<p><span class=\"wpcf7-form-control-wrap\" data-name=\"menu-498\"><select class=\"wpcf7-form-control wpcf7-select wpcf7-validates-as-required\" aria-required=\"true\" aria-invalid=\"false\" name=\"menu-498\"><option value=\"07:00 pm\">07:00 pm<\/option><option value=\"08:00 pm\">08:00 pm<\/option><option value=\"09:00 pm\">09:00 pm<\/option><option value=\"10:00 pm\">10:00 pm<\/option><option value=\"11:00 pm\">11:00 pm<\/option><\/select><\/span>\n\t\t<\/p>\n\t<\/div>\n<\/div>\n<div class=\"row row-form\">\n\t<div class=\"column-12\">\n\t\t<p><span class=\"wpcf7-form-control-wrap\" data-name=\"your-message\"><textarea cols=\"40\" rows=\"5\" maxlength=\"2000\" class=\"wpcf7-form-control wpcf7-textarea wpcf7-validates-as-required\" aria-required=\"true\" aria-invalid=\"false\" placeholder=\"Requisitos especiales\" name=\"your-message\"><\/textarea><\/span>\n\t\t<\/p>\n\t<\/div>\n<\/div>\n<div class=\"wpcf7-button wpcf7-button-2\">\n\t<p><input class=\"wpcf7-form-control wpcf7-submit has-spinner\" type=\"submit\" value=\"Enviar\" \/>\n\t<\/p>\n<\/div><div class=\"wpcf7-response-output\" aria-hidden=\"true\"><\/div>\n<\/form>\n<\/div>\n\t\t\t\t<\/div>\n\t\t\t\t<\/div>\n\t\t\t\t\t<\/div>\n\t\t<\/div>\n\t\t\t\t<div class=\"elementor-column elementor-col-50 elementor-top-column elementor-element elementor-element-63e0507\" data-id=\"63e0507\" data-element_type=\"column\" data-settings=\"{&quot;background_background&quot;:&quot;classic&quot;}\">\n\t\t\t<div class=\"elementor-widget-wrap elementor-element-populated\">\n\t\t\t\t\t\t<div class=\"elementor-element elementor-element-40efdee elementor-position-top elementor-position-below elementor-vertical-align-top elementor-widget elementor-widget-image-box\" data-id=\"40efdee\" data-element_type=\"widget\" data-widget_type=\"image-box.default\">\n\t\t\t\t<div class=\"elementor-widget-container\">\n\t\t\t\t\t<div class=\"elementor-image-box-wrapper\"><div class=\"elementor-image-box-content\"><div class=\"icon\"><i aria-hidden=\"true\" class=\"delicioz-icon- delicioz-icon-table-u\"><\/i><\/div><h3 class=\"elementor-image-box-title\"><a href=\"#\">Cont\u00e1ctanos <\/a><\/h3><\/div><\/div>\t\t\t\t<\/div>\n\t\t\t\t<\/div>\n\t\t\t\t<div class=\"elementor-element elementor-element-afe5dd1 elementor-widget elementor-widget-text-editor\" data-id=\"afe5dd1\" data-element_type=\"widget\" data-widget_type=\"text-editor.default\">\n\t\t\t\t<div class=\"elementor-widget-container\">\n\t\t\t\t\t\t\t\t\t<p>Solicitud de reserva<\/p>\t\t\t\t\t\t\t\t<\/div>\n\t\t\t\t<\/div>\n\t\t\t\t<div class=\"elementor-element elementor-element-e2a5c41 elementor-widget elementor-widget-heading\" data-id=\"e2a5c41\" data-element_type=\"widget\" data-widget_type=\"heading.default\">\n\t\t\t\t<div class=\"elementor-widget-container\">\n\t\t\t\t\t<h2 class=\"elementor-heading-title elementor-size-default\"><a href=\"https:\/\/wa.me\/message\/S5VQQ6CVML6AI1\">+52 221 406 1064<\/a><\/h2>\t\t\t\t<\/div>\n\t\t\t\t<\/div>\n\t\t\t\t<div class=\"elementor-element elementor-element-a99113c elementor-widget elementor-widget-heading\" data-id=\"a99113c\" data-element_type=\"widget\" data-widget_type=\"heading.default\">\n\t\t\t\t<div class=\"elementor-widget-container\">\n\t\t\t\t\t<h2 class=\"elementor-heading-title elementor-size-default\">Localidad<\/h2>\t\t\t\t<\/div>\n\t\t\t\t<\/div>\n\t\t\t\t<div class=\"elementor-element elementor-element-14fdd4b elementor-widget__width-initial elementor-widget elementor-widget-text-editor\" data-id=\"14fdd4b\" data-element_type=\"widget\" data-widget_type=\"text-editor.default\">\n\t\t\t\t<div class=\"elementor-widget-container\">\n\t\t\t\t\t\t\t\t\t<p>Val\u00b4Quirico Km. 2, Carretera a Xoxtla, Santa Isabel Tetlatlauhca Xicot\u00e9ncatl, Teopantitla, 90710 Tlaxcala, Tlax.<\/p>\t\t\t\t\t\t\t\t<\/div>\n\t\t\t\t<\/div>\n\t\t\t\t<div class=\"elementor-element elementor-element-fb32988 elementor-widget elementor-widget-spacer\" data-id=\"fb32988\" data-element_type=\"widget\" data-widget_type=\"spacer.default\">\n\t\t\t\t<div class=\"elementor-widget-container\">\n\t\t\t\t\t\t\t<div class=\"elementor-spacer\">\n\t\t\t<div class=\"elementor-spacer-inner\"><\/div>\n\t\t<\/div>\n\t\t\t\t\t\t<\/div>\n\t\t\t\t<\/div>\n\t\t\t\t<div class=\"elementor-element elementor-element-179e35f elementor-widget__width-initial elementor-widget-divider--view-line elementor-widget elementor-widget-divider\" data-id=\"179e35f\" data-element_type=\"widget\" data-widget_type=\"divider.default\">\n\t\t\t\t<div class=\"elementor-widget-container\">\n\t\t\t\t\t\t\t<div class=\"elementor-divider\">\n\t\t\t<span class=\"elementor-divider-separator\">\n\t\t\t\t\t\t<\/span>\n\t\t<\/div>\n\t\t\t\t\t\t<\/div>\n\t\t\t\t<\/div>\n\t\t\t\t\t<\/div>\n\t\t<\/div>\n\t\t\t\t\t<\/div>\n\t\t<\/div>\n\t\t\t\t<\/div>\n\t\t","protected":false},"excerpt":{"rendered":"<p>DOL\u00c7A PAST\u00cdS DE CIGAL\u00d3 $190 Bizcocho de almendras envinado de carajillo, cremantilla de caf\u00e9 y ganache de chocolate TARTA DE QUESO CREMOSA $165 Tarta de queso cremoso acompa\u00f1ado de frutos al vino tinto. GOXUA $170 Postre vasco de biscocho con alm\u00edbar, crema catalana y crema batida de queso. HELADO DE MARACUY\u00c1 $155 Helado de maracuy\u00e1 [&hellip;]<\/p>\n","protected":false},"author":1,"featured_media":0,"parent":0,"menu_order":0,"comment_status":"closed","ping_status":"closed","template":"","meta":{"inline_featured_image":false,"footnotes":""},"class_list":["post-42","page","type-page","status-publish","hentry"],"_links":{"self":[{"href":"https:\/\/mesondelosreyes.com.mx\/index.php?rest_route=\/wp\/v2\/pages\/42","targetHints":{"allow":["GET"]}}],"collection":[{"href":"https:\/\/mesondelosreyes.com.mx\/index.php?rest_route=\/wp\/v2\/pages"}],"about":[{"href":"https:\/\/mesondelosreyes.com.mx\/index.php?rest_route=\/wp\/v2\/types\/page"}],"author":[{"embeddable":true,"href":"https:\/\/mesondelosreyes.com.mx\/index.php?rest_route=\/wp\/v2\/users\/1"}],"replies":[{"embeddable":true,"href":"https:\/\/mesondelosreyes.com.mx\/index.php?rest_route=%2Fwp%2Fv2%2Fcomments&post=42"}],"version-history":[{"count":17,"href":"https:\/\/mesondelosreyes.com.mx\/index.php?rest_route=\/wp\/v2\/pages\/42\/revisions"}],"predecessor-version":[{"id":6159,"href":"https:\/\/mesondelosreyes.com.mx\/index.php?rest_route=\/wp\/v2\/pages\/42\/revisions\/6159"}],"wp:attachment":[{"href":"https:\/\/mesondelosreyes.com.mx\/index.php?rest_route=%2Fwp%2Fv2%2Fmedia&parent=42"}],"curies":[{"name":"wp","href":"https:\/\/api.w.org\/{rel}","templated":true}]}}